 7*v + 4. List the prime factors of y(-3).
2, 7, 37
Suppose -4*n = 2*b - 5348, -145*n + 149*n = -12. List the prime factors of b.
2, 5, 67
Let y(n) = n**2 - 4. Let g be y(5). Let v be (-171)/6*(16 + -18). Suppose -t + v = g. What are the prime factors of t?
2, 3
What are the prime factors of (254572/(-155))/((-4)/10)?
2, 2053
Let r be ((-20)/(-6))/(32/48). Let g(u) = 25*u - 36. What are the prime factors of g(r)?
89
Let s = -29 + 26. What are the prime factors of 1 - (127 + -4)/s?
2, 3, 7
Suppose 28 = -6*p + 8*p. Suppose 3*l + k = -l + p, 4*k - 14 = -2*l. Suppose 0 = l*y + 11 - 182. List the prime factors of y.
3, 19
Let y = -56 + 40. Let s = y + 21. Let m = 22 + s. What are the prime factors of m?
3
Suppose 3*w - 4*w = 31. Let o = 74 + w. What are the prime factors of o?
43
Let q = -786 + 987. List the prime factors of q.
3, 67
Let g(s) = -s**3 - 8*s**2 - 7*s - 4. Let u be g(-7). Let b be 3/(6/2) + -2. List the prime factors of b*-46*u/(-8).
23
Let a(g) = g**2 - 10*g + 9. Let v be a(4). Let y be (-35)/v + 2/3. Suppose s = -y*o + 5*s + 16, 0 = -2*o - 4*s + 24. List the prime factors of o.
2
Let x(f) = 8*f - 1. Let z(p) = -41*p + 6. Let v(m) = -11*x(m) - 2*z(m). List the prime factors of v(-3).
17
Let r(h) = 20*h**2 - 19*h - 68. List the prime factors of r(-5).
17, 31
Let l = 4 + 0. Suppose 0 = l*t + 20, -5*s + t - 36 = -401. List the prime factors of s.
2, 3
Suppose -2*n - 5*h + 26 = 0, -17 = -5*n - h + 2. Suppose l + 156 = n*l. Suppose -4*r + 5*f = -192, 2*r = -2*f - 0*f + l. List the prime factors of r.
43
Let h(i) = i**2 + 12*i + 17. Let p be h(-7). List the prime factors of (-4)/(156/(-2529)) + p/(-117).
5, 13
Let u(m) = 4*m**2 - 5*m + 4. Let k be u(2). Suppose -3*r = -k*r + 154. What are the prime factors of r?
2, 11
Let j be (-48)/9*18/(-4). Suppose 0 = 2*q - 54 - j. List the prime factors of q.
3, 13
Suppose -2*f + 0*b + 3*b + 205 = 0, 5*b = 4*f - 407. What are the prime factors of f?
2, 7
Let g(k) = 3*k**2 + 7*k - 1. Let f be g(3). Suppose -3*q - f = -4*q. What are the prime factors of q?
47
Suppose 8*y - 7*y + 164 = 0. Let k = 372 + y. List the prime factors of k.
2, 13
Let f(y) = y**2 + y - 1. Let b be f(-3). Suppose -b*q + 532 = 3*c, 0*q + 4*q + 5*c - 423 = 0. What are the prime factors of q?
107
Let p(h) = 5*h**2 + h - 43. What are the prime factors of p(6)?
11, 13
Let t = 1385 - 780. List the prime factors of t.
5, 11
Let i = 14 + 45. Suppose -5*l + i = 14. What are the prime factors of l*(-1 + 0 - -4)?
3
Suppose 5*h + 5*u - 1520 = 0, 4*h - 2*h - 4*u = 632. Suppose -l = -0*l, -4*r = 4*l - h. What are the prime factors of r?
7, 11
Suppose 2*w + 9 + 11 = 0. Let n(v) = -3*v**3 - 31*v**2 - 21*v - 3. List the prime factors of n(w).
107
Suppose 5*v - 8*v = 528. Let a = 369 + v. List the prime factors of a.
193
Let s(j) = j**2 - 1. Let f(d) = 4*d**2 - 7*d - 2. Let c(o) = -2*f(o) + 4*s(o). Let p be c(6). Let r = -14 - p. What are the prime factors of r?
2, 23
Suppose 5*x + 35 = -2*f, x - 2*f = -6*f + 11. What are the prime factors of 1*-158*x/18?
79
Let n = 79 - 23. Let y = -45 + n. What are the prime factors of y?
11
Let d be 11 - 7 - (255 + 2). Let c = -148 - d. Suppose 4*o = -o + c. What are the prime factors of o?
3, 7
Suppose 11*c - 5*c = 18. Suppose -c*t + 2*u + 52 = -10, -5*t - u = -125. Let r = t - -35. What are the prime factors of r?
59
Let t(q) = -q**2 + 10*q - 15. Let h be t(7). Suppose h*m + d = 2*m + 260, m + 5*d = 65. List the prime factors of m.
5, 13
Suppose -3*i + 222 = -2*y, 2*i + 3*y = 146 - 11. What are the prime factors of (-16)/i + (-2560)/(-18)?
2, 71
Let h = 644 + 351. What are the prime factors of h?
5, 199
Let c = -17 + 14. Let r be (c - -2)/(8/(-40)). Suppose -2*p - r = -3*p. List the prime factors of p.
5
Let r(m) = 11*m**2 + 4*m + 26. Let z be r(6). Suppose -9*p = -1616 + z. What are the prime factors of p?
2, 5, 13
Suppose 1949*l = 1954*l - 795. Let m be (6/8)/(3/72). Suppose -3*q + 237 + m = 5*w, -l = -3*w - 3*q. What are the prime factors of w?
2, 3
Suppose 26*k - 2962 = 32710. List the prime factors of k.
2, 7
Suppose 7*v + 52 = -11. Let a(x) = -x**2 - 11*x - 1. What are the prime factors of a(v)?
17
List the prime factors of ((-432)/(-63) + -6)*14.
2, 3
What are the prime factors of 4*1/(-20) - 15318/(-15)?
1021
Let r(h) be the first derivative of h**4/4 - 4*h**3 + 3*h**2/2 - 14*h + 2. List the prime factors of r(12).
2, 11
Let d(y) = 29*y**3 - 3*y**2 + 9*y - 16. List the prime factors of d(3).
13, 59
Let q(i) be the third derivative of 1/3*i**3 + 1/20*i**5 + 0 + 0*i - 5*i**2 + 1/6*i**4. What are the prime factors of q(-2)?
2, 3
Let k(t) = -7*t**2 + 4. Let p(h) = 13*h**2 + h - 9. Let q(l) = -11*k(l) - 6*p(l). Let w be q(-7). Suppose 4*v = w*v + 61. List the prime factors of v.
61
Let h = 172 - -667. List the prime factors of h.
839
List the prime factors of 5098/8 + -4 + (-90)/(-24).
7, 13
Suppose -3*m + 1011 = 2*c, -4*c + 6*c - 2*m - 1036 = 0. List the prime factors of c.
3, 19
Let x be (14/(-3))/(3/(-9)). Let w(d) = 2 + 0*d + x + d - 3. List the prime factors of w(-6).
7
Suppose 2*u = -0*y + y - 110, u + 60 = -2*y. Let r = u + 13. Let t = r - -82. List the prime factors of t.
3, 13
Let x(t) = -6*t**3 + 19*t**2 - 10*t + 53. Let m(a) = -a**3 + a**2 + 1. Let d(c) = 5*m(c) - x(c). List the prime factors of d(14).
2, 23
Suppose 67*i - 54*i = 12870. List the prime factors of i.
2, 3, 5, 11
Let x(z) = 6*z - 20. Let i(a) = -a - 1. Let g(q) = -2*i(q) + x(q). What are the prime factors of g(10)?
2, 31
Suppose 4*s = 4*a + 1740, 2*s + 3*a = 393 + 492. List the prime factors of s.
2, 3, 73
Let f(r) be the second derivative of r**5/20 - 3*r**4/4 - 3*r**3/2 - 5*r**2 + 2*r. Let p be f(10). Suppose -2*u + 7*u - 265 = p. List the prime factors of u.
53
Let u be 42/9*(-1800)/(-35). Let x be 1/(-7) + u/112. Suppose -x*c + 2*i - 1 = -75, -3*i = -c + 39. List the prime factors of c.
2, 3
Let y(v) = -2*v + 14. Let n(t) = -29*t**2 + 60*t**2 - 30*t**2 - 8*t - 14. Let w be n(10). List the prime factors of y(w).
2
Suppose 15*n = -37*n + 17836. What are the prime factors of n?
7
Let b(f) = -f**2 + 8*f + 16. Let d be b(11). Let v = d + 28. Suppose -1 = -2*u + v. What are the prime factors of u?
2, 3
Suppose -4*k - 8 = -6*n + 2*n, 0 = -4*n + 20. Suppose 3*d = -4*h - 0*h + 25, -k*d + 17 = 2*h. Suppose 2*b + 19 = d*b. What are the prime factors of b?
19
Let x(a) = a**2 + 2*a. Let s be -3 - (-1 - 3) - 3. Let z be x(s). Suppose z = -4*k + 2*t + 144, -t - 2*t = -5*k + 179. What are the prime factors of k?
37
What are the prime factors of 3 + (-5 - 2013/(-3))?
3, 223
Let d(b) = -b**2 - 59*b - 4. What are the prime factors of d(-25)?
2, 3, 47
Let z(g) = -g**2 - g + 2. Let j be z(-2). Suppose 5*o - p - 477 = -j*o, -2*o = 4*p - 182. Suppose -2*t - 27 = -o. List the prime factors of t.
2, 17
Suppose o = -3*g + 2, o + 2*g = 2 - 0. Let n(y) = 9 + 3*y**3 - 8*y**o - 5*y**2 + 15*y - 2*y**3. List the prime factors of n(12).
3, 5
Let t(c) be the second derivative of -2*c**3/3 - 5*c**2/2 + 2*c. Let m be 3/3 - -1 - 7. What are the prime factors of t(m)?
3, 5
Let k = 752 - 381. What are the prime factors of k?
7, 53
Let a = -626 + 682. What are the prime factors of a?
2, 7
Let x(y) = -22*y + 1. List the prime factors of x(-2).
3, 5
Suppose -j + 854 = -4*b, 7*b - 3365 = -4*j + 6*b. What are the prime factors of j?
2, 421
Let l(z) = -z**2 - 4*z + 12. Let t be l(2). Suppose 3*k - 189 = -t*k. What are the prime factors of k?
3, 7
Let i be 6 + 1 + 4 + -2. Suppose -3*k = 5*v - 45 + 6, -3*v = -3*k - i. Suppose -2*w = -h - 8, w + 25 = v*w. List the prime factors of h.
2
Let u = -2 + 7. Let p = u - 2. Suppose -3*n - s + 28 = -2*s, p*s = -4*n + 59. What are the prime factors of n?
11
Let t = -4230 + 7639. List the prime factors of t.
7, 487
Let y = 128 - 119. Suppose -y*i + 2*i + 672 = 0. List the prime factors of i.
2, 3
Let d(p) = 9*p**2 + 1. Let b = 7 + -5. Let c be d(b). Let t = -35 + c. List the prime factors of t.
2
Let w = -525 - 27. List the prime factors of (w/(-8))/(1/3).
3, 23
Let b be (-66)/4*160/(-24). Suppose -3*r = 4*t - 0*t - 93, -5*t - 5*r = -b. What are the prime factors of t?
3
Let w(o) = 3*o**3 - 4*o**2 - 23*o - 23. List the prime factors of w(8).
29, 37
Let y = 823 + -177. What are the prime factors of y?
2, 17, 19
Suppose 0*u + 1 = u,